{"id":4901,"date":"2024-02-01T23:11:10","date_gmt":"2024-02-01T22:11:10","guid":{"rendered":"https:\/\/ia.todotramites.com.ar\/tienda\/?page_id=4901"},"modified":"2024-11-08T14:09:07","modified_gmt":"2024-11-08T17:09:07","slug":"por-mayor","status":"publish","type":"page","link":"https:\/\/ia.todotramites.com.ar\/tienda1\/por-mayor\/","title":{"rendered":"Por mayor + ofertas"},"content":{"rendered":"\t\t<div data-elementor-type=\"wp-post\" data-elementor-id=\"4901\" class=\"elementor elementor-4901\" data-elementor-post-type=\"page\">\n\t\t\t\t<div class=\"elementor-element elementor-element-516fe076 e-con-full e-flex e-con e-parent\" data-id=\"516fe076\" data-element_type=\"container\" data-settings=\"{&quot;background_background&quot;:&quot;classic&quot;}\">\n\t\t\t\t<div class=\"elementor-element elementor-element-7e6e3cd elementor-widget elementor-widget-heading\" data-id=\"7e6e3cd\" data-element_type=\"widget\" data-widget_type=\"heading.default\">\n\t\t\t\t<div class=\"elementor-widget-container\">\n\t\t\t<h2 class=\"elementor-heading-title elementor-size-default\">POR MAYOR<\/h2>\t\t<\/div>\n\t\t\t\t<\/div>\n\t\t\t\t<div class=\"elementor-element elementor-element-9534d6b elementor-widget elementor-widget-heading\" data-id=\"9534d6b\" data-element_type=\"widget\" data-widget_type=\"heading.default\">\n\t\t\t\t<div class=\"elementor-widget-container\">\n\t\t\t<h3 class=\"elementor-heading-title elementor-size-default\">\n\ud83d\udd10 PARA VER EL CONTENIDO LOGUEATE COMO <strong><span style=\"color: #ffffff\"><span style=\"background: #f14705\">  MAYORISTA\u00a0<\/span> <\/span><span style=\"color: #000000\"><\/span><\/strong>\n\n<\/h3>\t\t<\/div>\n\t\t\t\t<\/div>\n\t\t\t\t<div class=\"elementor-element elementor-element-6696063 elementor-widget elementor-widget-text-editor\" data-id=\"6696063\" data-element_type=\"widget\" data-widget_type=\"text-editor.default\">\n\t\t\t\t<div class=\"elementor-widget-container\">\n\t\t\t\t\t\t\t<h4 style=\"text-align: center;\"><\/h4>\t\t\t\t\t\t<\/div>\n\t\t\t\t<\/div>\n\t\t\t\t<\/div>\n\t\t<div class=\"elementor-element elementor-element-56a3cf7 e-con-full e-flex e-con e-parent\" data-id=\"56a3cf7\" data-element_type=\"container\">\n\t\t\t\t<div class=\"elementor-element elementor-element-77d9392 e-transform e-n-tabs-mobile elementor-widget elementor-widget-n-tabs\" data-id=\"77d9392\" data-element_type=\"widget\" data-settings=\"{&quot;_transform_translateY_effect_hover&quot;:{&quot;unit&quot;:&quot;px&quot;,&quot;size&quot;:0,&quot;sizes&quot;:[]},&quot;horizontal_scroll&quot;:&quot;disable&quot;,&quot;_transform_translateX_effect_hover&quot;:{&quot;unit&quot;:&quot;px&quot;,&quot;size&quot;:&quot;&quot;,&quot;sizes&quot;:[]},&quot;_transform_translateX_effect_hover_tablet&quot;:{&quot;unit&quot;:&quot;px&quot;,&quot;size&quot;:&quot;&quot;,&quot;sizes&quot;:[]},&quot;_transform_translateX_effect_hover_mobile&quot;:{&quot;unit&quot;:&quot;px&quot;,&quot;size&quot;:&quot;&quot;,&quot;sizes&quot;:[]},&quot;_transform_translateY_effect_hover_tablet&quot;:{&quot;unit&quot;:&quot;px&quot;,&quot;size&quot;:&quot;&quot;,&quot;sizes&quot;:[]},&quot;_transform_translateY_effect_hover_mobile&quot;:{&quot;unit&quot;:&quot;px&quot;,&quot;size&quot;:&quot;&quot;,&quot;sizes&quot;:[]}}\" data-widget_type=\"nested-tabs.default\">\n\t\t\t\t<div class=\"elementor-widget-container\">\n\t\t\t\t\t<div class=\"e-n-tabs\" data-widget-number=\"125670290\" aria-label=\"Pesta\u00f1as. Abre elementos con Intro o Espacio, ci\u00e9rralos con Escape y navega con las fechas.\">\n\t\t\t<div class=\"e-n-tabs-heading\" role=\"tablist\">\n\t\t\t\t\t<button id=\"e-n-tab-title-1256702901\" class=\"e-n-tab-title elementor-animation-pulse-shrink\" aria-selected=\"true\" data-tab-index=\"1\" role=\"tab\" tabindex=\"0\" aria-controls=\"e-n-tab-content-1256702901\" style=\"--n-tabs-title-order: 1;\">\n\t\t\t\t\t\t<span class=\"e-n-tab-title-text\">\n\t\t\t\tPRECIOS X MAYOR\t\t\t<\/span>\n\t\t<\/button>\n\t\t\t\t<button id=\"e-n-tab-title-1256702902\" class=\"e-n-tab-title elementor-animation-pulse-shrink\" aria-selected=\"false\" data-tab-index=\"2\" role=\"tab\" tabindex=\"-1\" aria-controls=\"e-n-tab-content-1256702902\" style=\"--n-tabs-title-order: 2;\">\n\t\t\t\t\t\t<span class=\"e-n-tab-title-text\">\n\t\t\t\tOFERTAS X MAYOR\t\t\t<\/span>\n\t\t<\/button>\n\t\t\t\t\t<\/div>\n\t\t\t<div class=\"e-n-tabs-content\">\n\t\t\t\t<div id=\"e-n-tab-content-1256702901\" role=\"tabpanel\" aria-labelledby=\"e-n-tab-title-1256702901\" data-tab-index=\"1\" style=\"--n-tabs-title-order: 1;\" class=\"e-active elementor-element elementor-element-82e4c88 e-con-full e-flex e-con e-child\" data-id=\"82e4c88\" data-element_type=\"container\">\n\t\t\t\t<div class=\"elementor-element elementor-element-42aee3e elementor-widget elementor-widget-shortcode\" data-id=\"42aee3e\" data-element_type=\"widget\" data-widget_type=\"shortcode.default\">\n\t\t\t\t<div class=\"elementor-widget-container\">\n\t\t\t\t\t<div class=\"elementor-shortcode\"><\/div>\n\t\t\t\t<\/div>\n\t\t\t\t<\/div>\n\t\t\t\t<\/div>\n\t\t<div id=\"e-n-tab-content-1256702902\" role=\"tabpanel\" aria-labelledby=\"e-n-tab-title-1256702902\" data-tab-index=\"2\" style=\"--n-tabs-title-order: 2;\" class=\" elementor-element elementor-element-932100c e-con-full e-flex e-con e-child\" data-id=\"932100c\" data-element_type=\"container\">\n\t\t\t\t<div class=\"elementor-element elementor-element-966fdf5 elementor-widget elementor-widget-text-editor\" data-id=\"966fdf5\" data-element_type=\"widget\" data-widget_type=\"text-editor.default\">\n\t\t\t\t<div class=\"elementor-widget-container\">\n\t\t\t\t\t\t\t<p style=\"text-align: center;\"><strong><\/strong><\/p>\t\t\t\t\t\t<\/div>\n\t\t\t\t<\/div>\n\t\t\t\t<div class=\"elementor-element elementor-element-3c1b948 elementor-widget elementor-widget-shortcode\" data-id=\"3c1b948\" data-element_type=\"widget\" data-widget_type=\"shortcode.default\">\n\t\t\t\t<div class=\"elementor-widget-container\">\n\t\t\t\t\t<div class=\"elementor-shortcode\">\n<\/div>\n\t\t\t\t<\/div>\n\t\t\t\t<\/div>\n\t\t\t\t<\/div>\n\t\t\t\t\t<\/div>\n\t\t<\/div>\n\t\t\t\t<\/div>\n\t\t\t\t<\/div>\n\t\t\t\t<div class=\"elementor-element elementor-element-13ed081 elementor-hidden-desktop elementor-hidden-tablet elementor-widget elementor-widget-shortcode\" data-id=\"13ed081\" data-element_type=\"widget\" data-widget_type=\"shortcode.default\">\n\t\t\t\t<div class=\"elementor-widget-container\">\n\t\t\t\t\t<div class=\"elementor-shortcode\"><\/div>\n\t\t\t\t<\/div>\n\t\t\t\t<\/div>\n\t\t\t\t<\/div>\n\t\t<div class=\"elementor-element elementor-element-38dc2a3 e-flex e-con-boxed e-con e-parent\" data-id=\"38dc2a3\" data-element_type=\"container\">\n\t\t\t\t\t<div class=\"e-con-inner\">\n\t\t<div class=\"elementor-element elementor-element-86712b2 e-con-full e-flex e-con e-child\" data-id=\"86712b2\" data-element_type=\"container\">\n\t\t\t\t<div class=\"elementor-element elementor-element-50ec901 elementor-widget elementor-widget-text-editor\" data-id=\"50ec901\" data-element_type=\"widget\" data-widget_type=\"text-editor.default\">\n\t\t\t\t<div class=\"elementor-widget-container\">\n\t\t\t\t\t\t\t<h5 style=\"text-align: center;\">CONTENIDO RESTRINGIDO. ACCEDE COMO MAYORISTA PARA VERLO<\/h5>\t\t\t\t\t\t<\/div>\n\t\t\t\t<\/div>\n\t\t\t\t<\/div>\n\t\t\t\t\t<\/div>\n\t\t\t\t<\/div>\n\t\t<div class=\"elementor-element elementor-element-355855d e-flex e-con-boxed e-con e-parent\" data-id=\"355855d\" data-element_type=\"container\">\n\t\t\t\t\t<div class=\"e-con-inner\">\n\t\t<div class=\"elementor-element elementor-element-de708f4 e-con-full e-flex e-con e-child\" data-id=\"de708f4\" data-element_type=\"container\">\n\t\t\t\t<div class=\"elementor-element elementor-element-b4ab8e6 elementor-widget__width-inherit elementor-widget elementor-widget-shortcode\" data-id=\"b4ab8e6\" data-element_type=\"widget\" data-widget_type=\"shortcode.default\">\n\t\t\t\t<div class=\"elementor-widget-container\">\n\t\t\t\t\t<div class=\"elementor-shortcode\"><div class=\"woocommerce\"><form class=\"woocommerce-form woocommerce-form-login login\" method=\"post\" >\r\n\r\n\t\r\n\t\r\n\t<p class=\"form-row form-row-first\">\r\n\t\t<label for=\"username\">Usuario o email <span class=\"required\">*<\/span><\/label>\r\n\t\t<input type=\"text\" class=\"input-text\" name=\"username\" id=\"username\" autocomplete=\"username\" \/>\r\n\t<\/p>\r\n\t<p class=\"form-row form-row-last\">\r\n\t\t<label for=\"password\">Contrase\u00f1a <span class=\"required\">*<\/span><\/label>\r\n\t\t<input class=\"input-text\" type=\"password\" name=\"password\" id=\"password\" autocomplete=\"current-password\" \/>\r\n\t<\/p>\r\n\t<div class=\"clear\"><\/div>\r\n\r\n\t\r\n\t<p class=\"form-row\">\r\n\t\t<label class=\"woocommerce-form__label woocommerce-form__label-for-checkbox inline woocommerce-form-login__rememberme\">\r\n\t\t\t<input class=\"woocommerce-form__input woocommerce-form__input-checkbox\" name=\"rememberme\" type=\"checkbox\" id=\"rememberme\" value=\"forever\" \/> <span>Acu\u00e9rdate de m\u00ed<\/span>\r\n\t\t<\/label>\r\n\t\t<input type=\"hidden\" id=\"woocommerce-login-nonce\" name=\"woocommerce-login-nonce\" value=\"a74205ff9e\" \/><input type=\"hidden\" name=\"_wp_http_referer\" value=\"\/tienda1\/wp-json\/wp\/v2\/pages\/4901\" \/>        <input type=\"hidden\" name=\"redirect\" value=\"http:\/\/1\" \/>\r\n        <button type=\"submit\" class=\"woocommerce-button button woocommerce-form-login__submit\" name=\"login\" value=\"Inicio de sesi\u00f3n\">Inicio de sesi\u00f3n<\/button>\r\n\t<\/p>\r\n\t<p class=\"lost_password\">\r\n\t\t<a href=\"https:\/\/ia.todotramites.com.ar\/tienda1\/mi-cuenta\/lost-password\/\">Perdido tu contrase\u00f1a?<\/a>\r\n\t<\/p>\r\n\r\n\t<div class=\"clear\"><\/div>\r\n\r\n\t\r\n<\/form>\r\n<\/div><\/div>\n\t\t\t\t<\/div>\n\t\t\t\t<\/div>\n\t\t\t\t<div class=\"elementor-element elementor-element-aace9a6 elementor-widget elementor-widget-shortcode\" data-id=\"aace9a6\" data-element_type=\"widget\" data-widget_type=\"shortcode.default\">\n\t\t\t\t<div class=\"elementor-widget-container\">\n\t\t\t\t\t<div class=\"elementor-shortcode\"><button class=\"button ddwcbl-biometric-login-button\"><span class=\"dashicons dashicons-lock\"><\/span>BIOMETR\u00cdA<\/button>\r\n<span class=\"ddwcbl-biometric-response ddwcbl-success\"><span class=\"dashicons dashicons-yes\"><\/span>Autenticado<\/span>\r\n<span class=\"ddwcbl-biometric-response ddwcbl-error\"><span class=\"dashicons dashicons-no\"><\/span>Not Authenticated<\/span><\/div>\n\t\t\t\t<\/div>\n\t\t\t\t<\/div>\n\t\t<div class=\"elementor-element elementor-element-3844649 e-con-full e-flex e-con e-child\" data-id=\"3844649\" data-element_type=\"container\">\n\t\t\t\t<div class=\"elementor-element elementor-element-e8f9ae0 elementor-widget elementor-widget-shortcode\" data-id=\"e8f9ae0\" data-element_type=\"widget\" data-widget_type=\"shortcode.default\">\n\t\t\t\t<div class=\"elementor-widget-container\">\n\t\t\t\t\t<div class=\"elementor-shortcode\">\n<strong>PROB\u00c1 LA DEMO COMO MAYORISTA<\/strong><br>\n<strong>Logueate con estos datos<\/strong><br>\nUsuario <strong> mayorista<br><\/strong>\nClave: <strong>demo123*<\/strong><br>\n<\/div>\n\t\t\t\t<\/div>\n\t\t\t\t<\/div>\n\t\t\t\t<\/div>\n\t\t\t\t<\/div>\n\t\t<div class=\"elementor-element elementor-element-17407bf e-con-full e-flex e-con e-child\" data-id=\"17407bf\" data-element_type=\"container\" data-settings=\"{&quot;background_background&quot;:&quot;classic&quot;}\">\n\t\t\t\t<div class=\"elementor-element elementor-element-0b61e4a elementor-widget__width-inherit elementor-widget elementor-widget-shortcode\" data-id=\"0b61e4a\" data-element_type=\"widget\" data-widget_type=\"shortcode.default\">\n\t\t\t\t<div class=\"elementor-widget-container\">\n\t\t\t\t\t<div class=\"elementor-shortcode\">\t\t\t<h2 class=\"b2bking_b2bregistration_only_register_header\">\r\n\t\t\tRegistro<\/h2>\r\n\t\t\t<div class=\"woocommerce\">\r\n\t\t\t\t<form method=\"post\" class=\"woocommerce-form woocommerce-form-register register\" enctype=\"multipart\/form-data\" >\r\n\r\n\t\t\t\t\t\r\n\t\t\t\t\t\r\n\t\t\t\t\t\t<p class=\"woocommerce-form-row woocommerce-form-row--wide form-row form-row-wide\">\r\n\t\t\t\t\t\t\t<label for=\"reg_username\">Usuario&nbsp;<span class=\"required\">*<\/span><\/label>\r\n\t\t\t\t\t\t\t<input type=\"text\" class=\"woocommerce-Input woocommerce-Input--text input-text\" name=\"username\" id=\"reg_username\" autocomplete=\"username\" value=\"\" \/>\r\n\t\t\t\t\t\t<\/p>\r\n\r\n\t\t\t\t\t\r\n\t\t\t\t\t<p class=\"woocommerce-form-row woocommerce-form-row--wide form-row form-row-wide\">\r\n\t\t\t\t\t\t<label for=\"reg_email\">Direcci\u00f3n de e-mail&nbsp;<span class=\"required\">*<\/span><\/label>\r\n\t\t\t\t\t\t<input type=\"email\" class=\"woocommerce-Input woocommerce-Input--text input-text\" name=\"email\" id=\"reg_email\" autocomplete=\"email\" value=\"\" \/>\r\n\t\t\t\t\t<\/p>\r\n\r\n\t\t\t\t\t\r\n\t\t\t\t\t\t<p class=\"woocommerce-form-row woocommerce-form-row--wide form-row form-row-wide\">\r\n\t\t\t\t\t\t\t<label for=\"reg_password\">Contrase\u00f1a&nbsp;<span class=\"required\">*<\/span><\/label>\r\n\t\t\t\t\t\t\t<input type=\"password\" class=\"woocommerce-Input woocommerce-Input--text input-text\" name=\"password\" id=\"reg_password\" autocomplete=\"new-password\" \/>\r\n\t\t\t\t\t\t<\/p>\r\n\r\n\t\t\t\t\t\r\n\t\t\t\t\t<input type=\"hidden\" name=\"wc_order_attribution_source_type\" value=\"\" \/><input type=\"hidden\" name=\"wc_order_attribution_referrer\" value=\"\" \/><input type=\"hidden\" name=\"wc_order_attribution_utm_campaign\" value=\"\" \/><input type=\"hidden\" name=\"wc_order_attribution_utm_source\" value=\"\" \/><input type=\"hidden\" name=\"wc_order_attribution_utm_medium\" value=\"\" \/><input type=\"hidden\" name=\"wc_order_attribution_utm_content\" value=\"\" \/><input type=\"hidden\" name=\"wc_order_attribution_utm_id\" value=\"\" \/><input type=\"hidden\" name=\"wc_order_attribution_utm_term\" value=\"\" \/><input type=\"hidden\" name=\"wc_order_attribution_session_entry\" value=\"\" \/><input type=\"hidden\" name=\"wc_order_attribution_session_start_time\" value=\"\" \/><input type=\"hidden\" name=\"wc_order_attribution_session_pages\" value=\"\" \/><input type=\"hidden\" name=\"wc_order_attribution_session_count\" value=\"\" \/><input type=\"hidden\" name=\"wc_order_attribution_user_agent\" value=\"\" \/>\t\t\t\t\t\t<p class=\"woocommerce-form-row woocommerce-form-row--wide form-row form-row-wide b2bking_registration_roles_dropdown_section b2bking_registration_roles_dropdown_section_hidden\">\r\n\t\t\t\t\t\t\t\t\t\t\t\t\t\t<label for=\"b2bking_registration_roles_dropdown\">\r\n\t\t\t\t\t\t\t\tPerfil de Cliente&nbsp;<span class=\"required\">*<\/span>\r\n\t\t\t\t\t\t\t<\/label>\r\n\t\t\t\t\t\t\t<select id=\"b2bking_registration_roles_dropdown\" name=\"b2bking_registration_roles_dropdown\" required>\r\n\t\t\t\t\t\t\t\t<option value=\"role_8\" >CONSUMIDOR FINAL<\/option><option value=\"role_9\"  selected='selected'>MAYORISTA<\/option>\t\t\t\t\t\t\t<\/select>\r\n\t\t\t\t\t\t<\/p>\r\n\t\t\t\t\t\t<div class=\" b2bking_custom_registration_container b2bking_custom_registration_container_field_10 b2bking_custom_registration_role_9\"><p class=\"woocommerce-form-row woocommerce-form-row--wide form-row form-row-wide \"><label for=\"b2bking_field_10\">Nombre&nbsp;<span class=\"required\">*<\/span><\/label><input type=\"text\" id=\"b2bking_field_10\" class=\"b2bking_custom_registration_field b2bking_custom_field_req_required\" name=\"b2bking_custom_field_10\" value=\"\" placeholder=\"Introduzca aqu\u00ed su nombre...\" required><\/p><\/div><div class=\" b2bking_custom_registration_container b2bking_custom_registration_container_field_11 b2bking_custom_registration_role_9\"><p class=\"woocommerce-form-row woocommerce-form-row--wide form-row form-row-wide \"><label for=\"b2bking_field_11\">Apellido&nbsp;<span class=\"required\">*<\/span><\/label><input type=\"text\" id=\"b2bking_field_11\" class=\"b2bking_custom_registration_field b2bking_custom_field_req_required\" name=\"b2bking_custom_field_11\" value=\"\" placeholder=\"Introduzca aqu\u00ed su apellido...\" required><\/p><\/div><div class=\" b2bking_custom_registration_container b2bking_custom_registration_container_field_12 b2bking_custom_registration_role_9\"><p class=\"woocommerce-form-row woocommerce-form-row--wide form-row form-row-wide \"><label for=\"b2bking_field_12\">Empresa \/ Raz\u00f3n Social&nbsp;<\/label><input type=\"text\" id=\"b2bking_field_12\" class=\"b2bking_custom_registration_field b2bking_custom_field_req_\" name=\"b2bking_custom_field_12\" value=\"\" placeholder=\"Nombre de empresa o de fantas\u00eda\" ><\/p><\/div><div class=\" b2bking_custom_registration_container b2bking_custom_registration_container_field_13 b2bking_custom_registration_role_9\"><p class=\"woocommerce-form-row woocommerce-form-row--wide form-row form-row-wide \"><label for=\"b2bking_field_13\">Direcci\u00f3n&nbsp;<span class=\"required\">*<\/span><\/label><input type=\"text\" id=\"b2bking_field_13\" class=\"b2bking_custom_registration_field b2bking_custom_field_req_required\" name=\"b2bking_custom_field_13\" value=\"\" placeholder=\"Introduzca aqu\u00ed su direcci\u00f3n...\" required><\/p><\/div><div class=\" b2bking_custom_registration_container b2bking_custom_registration_container_field_15 b2bking_custom_registration_role_9\"><p class=\"woocommerce-form-row woocommerce-form-row--wide form-row form-row-wide \"><label for=\"b2bking_field_15\">Localidad  \/ Ciudad&nbsp;<span class=\"required\">*<\/span><\/label><input type=\"text\" id=\"b2bking_field_15\" class=\"b2bking_custom_registration_field b2bking_custom_field_req_required\" name=\"b2bking_custom_field_15\" value=\"\" placeholder=\"\" required><\/p><\/div><div class=\" b2bking_custom_registration_container b2bking_custom_registration_container_field_16 b2bking_custom_registration_role_9\"><p class=\"woocommerce-form-row woocommerce-form-row--wide form-row form-row-wide \"><label for=\"b2bking_field_16\">C\u00f3digo postal \/ ZIP&nbsp;<span class=\"required\">*<\/span><\/label><input type=\"text\" id=\"b2bking_field_16\" class=\"b2bking_custom_registration_field b2bking_custom_field_req_required\" name=\"b2bking_custom_field_16\" value=\"\" placeholder=\"Ingrese su c\u00f3digo postal \/ ZIP aqu\u00ed...\" required><\/p><\/div><div class=\" b2bking_custom_registration_container b2bking_custom_registration_container_field_17 b2bking_custom_registration_role_9\"><p class=\"woocommerce-form-row woocommerce-form-row--wide form-row form-row-wide \"><label for=\"b2bking_field_17\">N\u00famero de tel\u00e9fono&nbsp;<span class=\"required\">*<\/span><\/label><input id=\"b2bking_field_17\" type=\"tel\" class=\"b2bking_custom_registration_field b2bking_custom_field_req_required\" name=\"b2bking_custom_field_17\" value=\"\" placeholder=\"Introduce tu tel\u00e9fono aqu\u00ed...\" required><\/p><\/div><div class=\" b2bking_custom_registration_container b2bking_custom_registration_container_field_4739 b2bking_custom_registration_role_9\"><p class=\"woocommerce-form-row woocommerce-form-row--wide form-row form-row-wide \"><label for=\"b2bking_field_4739\">Local a la calle&nbsp;<\/label><select id=\"b2bking_field_4739\" class=\"b2bking_custom_registration_field b2bking_custom_field_req_\" name=\"b2bking_custom_field_4739\" placeholder=\"Seleccionar si ten\u00e9s local f\u00edsico a la calle\" ><option value=\"-- Seleccionar Opci\u00f3n --\" >-- Seleccionar Opci\u00f3n --<\/option><option value=\"Si\" >Si<\/option><option value=\"No\" >No<\/option><option value=\"En mi casa\" >En mi casa<\/option><\/select><\/p><\/div><div class=\" b2bking_custom_registration_container b2bking_custom_registration_container_field_4740 b2bking_custom_registration_role_9\"><p class=\"woocommerce-form-row woocommerce-form-row--wide form-row form-row-wide \"><label for=\"b2bking_field_4740\">DNI&nbsp;<\/label><input id=\"b2bking_field_4740\" type=\"file\" class=\"b2bking_custom_registration_field b2bking_custom_field_req_\" name=\"b2bking_custom_field_4740\" placeholder=\"Adjuntar DNI (anverso y reverso)\"  ><br \/><span class=\"b2bking_supported_types\">Tipos de archivos admitidos: jpg, jpeg, png, txt, pdf, doc, docx<\/span><\/p><\/div><div class=\"b2bking_vat_number_registration_field_container b2bking_custom_registration_container b2bking_custom_registration_container_field_19 b2bking_custom_registration_role_9\"><p class=\"woocommerce-form-row woocommerce-form-row--wide form-row form-row-wide \"><label for=\"b2bking_vat_number_registration_field\">CUIT&nbsp;<\/label><input type=\"text\" id=\"b2bking_vat_number_registration_field\" class=\"b2bking_custom_registration_field b2bking_custom_field_req_\" name=\"b2bking_custom_field_19\" value=\"\" placeholder=\"Introduzca el CUIT de la empresa o comprador\" ><input type=\"hidden\" id=\"b2bking_vat_number_registration_field_countries\" value=\"AF,AL,DE,AD,AO,AI,AQ,AG,SA,DZ,AR,AM,AW,AU,AT,AZ,BS,BH,BD,BB,PW,BE,BZ,BJ,BM,BT,BY,MM,BO,BQ,BA,BW,BR,BN,BG,BF,BI,CV,KH,CM,CA,TD,CL,CN,CY,VA,CO,KM,CG,CD,KP,KR,CI,CR,HR,CU,CW,DK,DJ,DM,EC,EG,SV,AE,ER,SK,SI,ES,US,EE,SZ,ET,PH,FI,FJ,FR,GA,GM,GE,GH,GI,GD,GR,GL,GP,GU,GT,GF,GG,GN,GQ,GW,GY,HT,HN,HK,HU,IN,ID,IQ,IR,IE,BV,IM,CX,NF,SH,IS,AX,KY,CC,CK,UM,FO,GS,HM,FK,MP,MH,SB,TC,VG,VI,IL,IT,JM,JP,JE,JO,KZ,KE,KG,KI,KW,LA,LS,LV,LB,LR,LY,LI,LT,LU,MO,MK,MG,MY,MW,MV,ML,MT,MA,MQ,MU,MR,YT,MX,FM,MD,MC,MN,ME,MS,MZ,NA,NR,NP,NI,NE,NG,NU,NO,NC,NZ,OM,NL,PK,PA,PG,PY,PE,PN,PF,PL,PT,PR,QA,GB,CF,CZ,DO,RE,RW,RO,RU,EH,WS,AS,BL,KN,SM,SX,MF,PM,VC,LC,ST,SN,RS,SC,SL,SG,SY,SO,LK,ZA,SD,SS,SE,CH,SR,SJ,TH,TW,TZ,TJ,IO,TF,PS,TL,TG,TK,TO,TT,TN,TM,TR,TV,UA,UG,UY,UZ,VU,VE,VN,WF,YE,ZM,ZW\"><input type=\"hidden\" id=\"b2bking_vat_number_registration_field_number\" name=\"b2bking_vat_number_registration_field_number\" value=\"19\"><\/p><\/div><div class=\"woocommerce-privacy-policy-text\"><\/div>\r\n\t\t\t\t\t<p class=\"woocommerce-form-row form-row\">\r\n\t\t\t\t\t\t<input type=\"hidden\" id=\"woocommerce-register-nonce\" name=\"woocommerce-register-nonce\" value=\"19e2ae2f46\" \/><input type=\"hidden\" name=\"_wp_http_referer\" value=\"\/tienda1\/wp-json\/wp\/v2\/pages\/4901\" \/>\t\t\t\t\t\t<button type=\"submit\" class=\"woocommerce-Button woocommerce-button button woocommerce-form-register__submit\" name=\"register\" value=\"Registro\">Registro<\/button>\r\n\t\t\t\t\t<\/p>\r\n\r\n\t\t\t\t\t\r\n\t\t\t\t<\/form>\r\n\t\t\t<\/div>\r\n\t\t\t<\/div>\n\t\t\t\t<\/div>\n\t\t\t\t<\/div>\n\t\t\t\t<\/div>\n\t\t\t\t\t<\/div>\n\t\t\t\t<\/div>\n\t\t\t\t<\/div>\n\t\t","protected":false},"excerpt":{"rendered":"<p>POR MAYOR PRECIOS X MAYOR OFERTAS X MAYOR EST\u00c1S LOGUEADO COMO GESTOR. NO POD\u00c9S VER OFERTAS B2B. PARA VERLAS LOGUEATE EN UNA VENTANA DE INC\u00d3GNITO COMO \u00abMAYORISTA\u00bb<\/p>\n","protected":false},"author":1,"featured_media":0,"parent":0,"menu_order":0,"comment_status":"closed","ping_status":"closed","template":"template-full-width.php","meta":{"footnotes":""},"_links":{"self":[{"href":"https:\/\/ia.todotramites.com.ar\/tienda1\/wp-json\/wp\/v2\/pages\/4901"}],"collection":[{"href":"https:\/\/ia.todotramites.com.ar\/tienda1\/wp-json\/wp\/v2\/pages"}],"about":[{"href":"https:\/\/ia.todotramites.com.ar\/tienda1\/wp-json\/wp\/v2\/types\/page"}],"author":[{"embeddable":true,"href":"https:\/\/ia.todotramites.com.ar\/tienda1\/wp-json\/wp\/v2\/users\/1"}],"replies":[{"embeddable":true,"href":"https:\/\/ia.todotramites.com.ar\/tienda1\/wp-json\/wp\/v2\/comments?post=4901"}],"version-history":[{"count":717,"href":"https:\/\/ia.todotramites.com.ar\/tienda1\/wp-json\/wp\/v2\/pages\/4901\/revisions"}],"predecessor-version":[{"id":7564,"href":"https:\/\/ia.todotramites.com.ar\/tienda1\/wp-json\/wp\/v2\/pages\/4901\/revisions\/7564"}],"wp:attachment":[{"href":"https:\/\/ia.todotramites.com.ar\/tienda1\/wp-json\/wp\/v2\/media?parent=4901"}],"curies":[{"name":"wp","href":"https:\/\/api.w.org\/{rel}","templated":true}]}}